et z be -1 - (-3 + 2)*-4. Let f = 5 + z. Suppose 2 = -f*w + 2*w. What is the units digit of w?
1
Let p = -127 + 78. Let m = -131 + p. What is the tens digit of (m/(-27))/(4/18)?
3
Let w(b) be the second derivative of 3*b**3 + 2*b + 11*b - 2*b**3. What is the units digit of w(6)?
6
Let p(d) = d**2 - 25*d + 71. What is the units digit of p(26)?
7
Let y(a) = a**3 - 9*a**2 + 19*a + 3. What is the units digit of y(6)?
9
What is the hundreds digit of ((-546)/(-4))/((559/78)/43)?
8
What is the units digit of (-70)/21*-6*(16 - -1)?
0
Let z = -892 - -1189. What is the hundreds digit of z?
2
Suppose 0 = -n - 4*n - 160. Let j be (-3)/(-2)*n/(-24). Suppose j*a - 7 - 9 = 0. What is the units digit of a?
8
Suppose 21 = 2*z + 11. Suppose z*x = 2*v + 99, x - 89 = -4*x - 3*v. What is the tens digit of x?
1
Let n(w) = -w**3 - 5*w**2 + 2. Let o be -2 - -3 - 4 - 2. Let p be n(o). Suppose p*u - 13 = 57. What is the units digit of u?
5
Let i(r) = r**3 - 6*r**2 + 5. Let g be i(7). Let u be 2/9 - 228/g. What is the tens digit of u/(-3)*150/4?
5
Let u(q) = 8*q**2 - 11*q + 172. What is the tens digit of u(11)?
1
Let z = 13 - 17. Let f be z/2*(-90)/20. What is the units digit of (-10)/45 + 200/f?
2
What is the tens digit of 20/(-15)*9612/(-48)?
6
What is the hundreds digit of 42/(-35)*5 + 191?
1
Suppose 3 = -5*c + 8. Let f be -1 + ((-4)/c - -7). Suppose 29 - 103 = -f*p. What is the units digit of p?
7
Let u be (4 - 3)/(1/(-5)). Let q(x) = -x**3 - 4*x**2 + 2*x - 10. Let y be q(u). Suppose -z = 2*z - l - y, -5*z + 3*l = -7. What is the units digit of z?
2
Suppose r - 216 - 106 = -3*h, -h = -4*r - 116. What is the tens digit of h?
0
Let r(k) = -k**3 + 27*k**2 + 33*k + 3. Let m be r(28). Let z = m - -6. What is the hundreds digit of z?
1
Suppose j + 2*c = 189, 26*c - 729 = -4*j + 27*c. What is the units digit of j?
3
Let f(g) = -2*g**3 - g**2 - g + 2. Let a be f(2). Suppose n - 5*x + 6 = 0, 2*x + 3 + 1 = 0. Let m = n - a. What is the units digit of m?
4
Let y = 16 - 13. Suppose 0*x - 4*x = 8, y*h - 2*x - 43 = 0. Suppose 0 = -p + 4*r + 29, -h - 35 = -3*p - r. What is the tens digit of p?
1
Let a(w) = -w + 8. Let u be a(6). Let y be 11/(u/(-2))*-6. What is the tens digit of ((-4)/(-6))/(2/y)?
2
Suppose 2*b - 7*b = -g + 731, 0 = -5*g - 5*b + 3685. What is the tens digit of g?
3
Let h = -310 - -684. Suppose -6*x + 5*c = -4*x - 193, 4*x + 2*c - h = 0. What is the tens digit of x?
9
Let a = 12002 + -7002. What is the units digit of a?
0
Suppose 3*n - 12 = -3*y + 3, -3*y = 2*n - 17. Suppose k + 0*k = y. What is the units digit of k?
7
What is the hundreds digit of 856 - 13/((-104)/80)?
8
Suppose a + a - 4 = 0. Let r(v) = -4 + a - 2*v + 19*v**2 - 10*v**2 - 5*v**2. What is the tens digit of r(3)?
2
Let g(y) = 155*y**2 - y - 1. Let r be g(-1). Suppose -3*q - r = -8*q. What is the units digit of (-7)/7*(0 - q)?
1
Let k = -6 - 3. Let m(b) = -b**2 - 12*b + 13. What is the tens digit of m(k)?
4
What is the thousands digit of 2/(-12) - (-1343405)/786?
1
Let b = -1064 + 1540. What is the tens digit of b?
7
Let o(h) = -h + 21. Let t be (-7)/28 - 3/(-12). What is the units digit of o(t)?
1
Let v(w) = 12*w**2 - 11*w - 114. What is the units digit of v(-7)?
1
Let v(a) = 29*a**2 + 4*a - 21. What is the tens digit of v(9)?
6
Let z(x) = 40*x + 339. What is the tens digit of z(7)?
1
Let z = 3542 + 1247. What is the units digit of z?
9
Suppose -2*z + 5162 = 5*p - 3*z, -3100 = -3*p + 2*z. What is the thousands digit of p?
1
Let g(y) = 3*y**2 - y - 1. Let w(a) = 4*a**2 - 1. Let j(u) = -3*g(u) + 4*w(u). What is the units digit of j(-3)?
3
Let b(x) = -x**2 - 16*x + 5. Suppose 0*w + 52 = -4*t - 2*w, 0 = 3*t + w + 40. What is the tens digit of b(t)?
3
Suppose 7315 = 6*c + 607. Suppose -11*l + c = 2*l. What is the units digit of l?
6
Suppose -2*b = 5*i - 12139, -4*i = 4*b - 5024 - 4680. What is the tens digit of i?
2
Suppose g = k + 2675, 87*g - 89*g + k = -5351. What is the units digit of g?
6
What is the hundreds digit of 10 + (11 - 20) + 0 + 735?
7
Let m = 37 - 77. Let j = -31 - m. What is the units digit of j?
9
Suppose -19*u + 990 = -13*u. What is the hundreds digit of u?
1
Suppose 4*q - 2*q - 5*d = 202, -2*d = 4*q - 356. What is the tens digit of q?
9
Let j(r) = -r**3 + 8*r**2 - r - 10. Let f be j(7). Suppose -3*u - 4*q = -0*q - 9, 5*u + q - f = 0. What is the units digit of u?
7
Suppose 1 = t, -2*h + 4*t + 262 = -0*t. What is the tens digit of h?
3
Suppose 4*i + 45 = -75. Let g = 124 + i. What is the tens digit of g?
9
Let v(o) be the third derivative of -o**4/12 + o**3/6 + 3*o**2. Let a be v(-1). Suppose 3*p = a*q + 15, 3*p + q = 30 + 1. What is the units digit of p?
9
Let u = 308 - 304. Let k = 66 - -98. Suppose 3*j = -5*a + 140, -u*a - k = -4*j + 76. What is the units digit of j?
5
Let l = 1174 - -219. What is the thousands digit of l?
1
Suppose -4*m - 3*s = -1, 0 = 4*m + s + 1 - 4. Suppose -m = o + 5. Let f = o - -23. What is the units digit of f?
7
Suppose 1535 = 6*f + 347. What is the tens digit of f?
9
Let g = 12 - 12. Suppose g = y - 2*m - 80, -4*m - 385 = -5*y + m. What is the tens digit of y?
7
Suppose 9975 = 5*k - 7*t, 19*t - 16*t = 4*k - 7967. What is the thousands digit of k?
1
What is the thousands digit of (1/(-2))/((-5)/14390)?
1
Let l = -26 + 28. Suppose 0 = 4*z + l*v - 178, -2*z + 218 = 3*z + 4*v. What is the units digit of z?
6
What is the hundreds digit of (-1370)/2*105/(-75)?
9
Let i(m) = 7*m + 15. Let n be i(-9). What is the units digit of (-16)/n - (1 - 526/6)?
7
Let r(m) = -m**2 - 5*m + 19. Suppose 0 = -54*i + 53*i. What is the tens digit of r(i)?
1
Suppose -19860 = 13*f - 25*f. What is the units digit of f?
5
Suppose -41*x + 820 = -36*x. Suppose -x = 13*s - 14*s. What is the units digit of s?
4
Let v = -1 + 5. Let o(n) = -n**3 + 7*n**2 - 5*n - 2. Let q be o(6). Suppose y + q = 4*h - y, v*y = 16. What is the units digit of h?
3
Suppose 8 = -2*i + 5*i - 4*r, 5*i - 4 = 2*r. Suppose i = -5*f + 3*l - 148, -l = 4*f - 2*l + 124. What is the tens digit of f*(3 + (-60)/16)?
2
Let g be 2/(-3)*3 + 4. Let z be 102/(-12) + (-2)/(-4). What is the units digit of z + 9 + 1 + g?
4
Let a(y) = -2*y + 1. Let k be a(3). Let s be (-6)/15 + (-12)/k. What is the tens digit of 0 + s + 1 + 37?
4
Suppose 33*c - 24089 = 10924. What is the tens digit of c?
6
Let x = 8 - 8. Suppose x = -2*l - 0*l. What is the tens digit of (l + -1)/((-4)/164)?
4
Suppose 0 = -8*v + 6*v + 660. Suppose 4*o - 1058 = -v. What is the hundreds digit of o?
1
Let f be (-10)/20 + (-22)/(-4). Suppose f*t - 3 - 2 = 0. What is the units digit of 44 - ((-16)/4)/t?
8
Let b be 281 - ((-4 - -3) + -3). Suppose m - b = -96. What is the hundreds digit of m?
1
Let h(z) = 6*z**2 + 8*z - 25. What is the units digit of h(5)?
5
Let x(j) = 12*j**2 - 1. Let q be x(-1). Suppose 0 = -5*z - 4 - q. What is the tens digit of (34/z)/((-12)/54)?
5
Let p = -159 - -580. What is the units digit of p?
1
Suppose -1 = -3*f - 16. Let i be ((-40)/(-25))/((-2)/f). Suppose -i*n + 57 + 59 = 0. What is the units digit of n?
9
Let j = -16 - 4. Let l(u) = -3*u - 26. What is the units digit of l(j)?
4
What is the units digit of (-30)/24 + 8871/12?
8
Suppose -8 = 2*o - 4*o - 2*c, 4*c - 1 = o. Suppose o*p = 9, -p - 2*p = 2*r - 77. What is the tens digit of r?
3
Let j = 10 - 5. Suppose 0 = c + 2*s + 12 - 74, -c = j*s - 65. What is the units digit of c?
0
What is the tens digit of 2/6 - ((-5272)/6 + 3)?
7
Suppose -5*x + x - 40 = 0. Let p = x + 7. Let o(k) = k + 6. What is the units digit of o(p)?
3
Let z = 48 - 80. Let w = -28 - z. What is the units digit of (-36)/(-24) - (-198)/w?
1
Let f(a) = 58*a**2 + 22*a + 5 - 109*a**2 + 55*a**2. What is the tens digit of f(-10)?
8
What is the tens digit of 91000/750*(-198)/(-7)?
3
Suppose 4*h + 428 = -3*a - 291, -5*h = -3*a - 701. Let x = -141 - a. What is the units digit of x?
6
Suppose -4*o = -0*j - 4*j, 4*o + 3*j - 14 = 0. Suppose 61 = -o*q + 171. What is the units digit of q?
5
Suppose p - 12*p = -44. Suppose l + p*d = 2*l - 66, 2*l + d = 105. What is the tens digit of l?
5
Suppose 2*m + 2*f + 2 = 0, -3*m = -4*f - 2 - 2. Suppose 4*s + 16 = m, 0 = -3*l - 5*s + 2 + 257. What is the units digit of l?
3
Let j(l) = 59*l + 852. What is the thousands digit of j(12)?
1
Let g(y) = -7*y**2 + 4*y + 15. Let o(j) = -20*j**2 + 11*j + 43.